{"id":1486,"date":"2022-08-27T14:46:31","date_gmt":"2022-08-27T12:46:31","guid":{"rendered":"http:\/\/localhost\/wordpress\/?page_id=1486"},"modified":"2025-10-16T16:05:44","modified_gmt":"2025-10-16T14:05:44","slug":"stretching-postural","status":"publish","type":"page","link":"http:\/\/alvh.asso.fr\/wordpress\/stretching-postural\/","title":{"rendered":"Stretching Postural"},"content":{"rendered":"\n<p>C&rsquo;est une m\u00e9thode douce, encore peu connue, elle tonifie, \u00e9tire et rel\u00e2che les muscles pour une sensation imm\u00e9diate de bien \u00eatre.<\/p>\n\n\n\n<p>Cette discipline est accessible \u00e0 tous et plus particuli\u00e8rement recommand\u00e9e aux  personnes qui souffrent  du dos. Elle  permet d&rsquo;am\u00e9liorer la  posture, affine la silhouette, se d\u00e9tendre et ma\u00eetriser sa respiration.<\/p>\n\n\n\n<p><\/p>\n\n\n<div class=\"wp-block-image\">\n<figure class=\"aligncenter size-full is-resized\"><a href=\"http:\/\/alvh.asso.fr\/wordpress\/wp-content\/uploads\/2024\/04\/IMG_3196.jpg\"><img loading=\"lazy\" decoding=\"async\" width=\"2058\" height=\"2434\" src=\"http:\/\/alvh.asso.fr\/wordpress\/wp-content\/uploads\/2024\/04\/IMG_3196.jpg\" alt=\"\" class=\"wp-image-3500\" style=\"width:254px;height:auto\" srcset=\"http:\/\/alvh.asso.fr\/wordpress\/wp-content\/uploads\/2024\/04\/IMG_3196.jpg 2058w, http:\/\/alvh.asso.fr\/wordpress\/wp-content\/uploads\/2024\/04\/IMG_3196-254x300.jpg 254w, http:\/\/alvh.asso.fr\/wordpress\/wp-content\/uploads\/2024\/04\/IMG_3196-866x1024.jpg 866w, http:\/\/alvh.asso.fr\/wordpress\/wp-content\/uploads\/2024\/04\/IMG_3196-768x908.jpg 768w, http:\/\/alvh.asso.fr\/wordpress\/wp-content\/uploads\/2024\/04\/IMG_3196-1299x1536.jpg 1299w, http:\/\/alvh.asso.fr\/wordpress\/wp-content\/uploads\/2024\/04\/IMG_3196-1732x2048.jpg 1732w, http:\/\/alvh.asso.fr\/wordpress\/wp-content\/uploads\/2024\/04\/IMG_3196-127x150.jpg 127w\" sizes=\"auto, (max-width: 2058px) 100vw, 2058px\" \/><\/a><figcaption class=\"wp-element-caption\"><strong>V\u00e9ronique <\/strong><\/figcaption><\/figure>\n<\/div>\n\n\n<p>Si vous souhaitez vous inscrire pour l&rsquo;activit\u00e9 cross training \u00e0 l&rsquo;A.L.V.H vous pouvez la t\u00e9l\u00e9charger la fiche d&rsquo;inscription ci-dessous  et la remplir chez vous. <\/p>\n\n\n\n<div class=\"wp-block-file\"><a id=\"wp-block-file--media-247c080e-6afc-486a-9b83-d1ce197c7fb5\" href=\"http:\/\/alvh.asso.fr\/wordpress\/wp-content\/uploads\/2025\/08\/1-Fiche_inscription_2025-2026_bien-etre-et-fitness-4.docx\">1-Fiche_inscription_2025-2026_bien  etre et fitness<\/a><a href=\"http:\/\/alvh.asso.fr\/wordpress\/wp-content\/uploads\/2025\/08\/1-Fiche_inscription_2025-2026_bien-etre-et-fitness-4.docx\" class=\"wp-block-file__button wp-element-button\" download aria-describedby=\"wp-block-file--media-247c080e-6afc-486a-9b83-d1ce197c7fb5\">T\u00e9l\u00e9charger<\/a><\/div>\n\n\n\n<figure class=\"wp-block-table\"><table><tbody><tr><td class=\"has-text-align-center\" data-align=\"center\"><strong>Lieu<\/strong><\/td><td class=\"has-text-align-center\" data-align=\"center\"><strong>Age<\/strong><\/td><td class=\"has-text-align-center\" data-align=\"center\"><strong>Jour <\/strong><\/td><td class=\"has-text-align-center\" data-align=\"center\"><strong>Heure<\/strong><\/td><td class=\"has-text-align-center\" data-align=\"center\"><strong>Contact<\/strong><\/td><\/tr><tr><td class=\"has-text-align-center\" data-align=\"center\">Gymnase <br>Victor Hugo<\/td><td class=\"has-text-align-center\" data-align=\"center\">16 ans +<\/td><td class=\"has-text-align-center\" data-align=\"center\">mardi<\/td><td class=\"has-text-align-center\" data-align=\"center\">19h30-20h30<\/td><td class=\"has-text-align-center\" data-align=\"center\">0611070711<\/td><\/tr><\/tbody><\/table><figcaption class=\"wp-element-caption\">saison sportive 2025-2026<\/figcaption><\/figure>\n\n\n\n<figure class=\"wp-block-table\"><table><tbody><tr><td class=\"has-text-align-center\" data-align=\"center\"><strong>Cours<\/strong><\/td><td class=\"has-text-align-center\" data-align=\"center\"><strong>Adh\u00e9sion<\/strong><\/td><td class=\"has-text-align-center\" data-align=\"center\"><strong>Tarif pratique<\/strong><\/td><td class=\"has-text-align-center\" data-align=\"center\"><strong>Total<\/strong><\/td><\/tr><tr><td class=\"has-text-align-center\" data-align=\"center\">1cours<\/td><td class=\"has-text-align-center\" data-align=\"center\">Laxou 15\u20ac<\/td><td class=\"has-text-align-center\" data-align=\"center\">210\u20ac<\/td><td class=\"has-text-align-center\" data-align=\"center\">225\u20ac<\/td><\/tr><tr><td class=\"has-text-align-center\" data-align=\"center\">1 cours<\/td><td class=\"has-text-align-center\" data-align=\"center\">Autres villes 20\u20ac<\/td><td class=\"has-text-align-center\" data-align=\"center\">210 \u20ac<\/td><td class=\"has-text-align-center\" data-align=\"center\">230\u20ac<\/td><\/tr><tr><td class=\"has-text-align-center\" data-align=\"center\">2 cours<\/td><td class=\"has-text-align-center\" data-align=\"center\">Laxou 15\u20ac<\/td><td class=\"has-text-align-center\" data-align=\"center\">350\u20ac<\/td><td class=\"has-text-align-center\" data-align=\"center\">365\u20ac<\/td><\/tr><tr><td class=\"has-text-align-center\" data-align=\"center\">2 cours<\/td><td class=\"has-text-align-center\" data-align=\"center\">Autres villes 20\u20ac<\/td><td class=\"has-text-align-center\" data-align=\"center\">350\u20ac<\/td><td class=\"has-text-align-center\" data-align=\"center\">370\u20ac<\/td><\/tr><tr><td class=\"has-text-align-center\" data-align=\"center\">3 cours<\/td><td class=\"has-text-align-center\" data-align=\"center\">Laxou 15\u20ac<\/td><td class=\"has-text-align-center\" data-align=\"center\">415\u20ac<\/td><td class=\"has-text-align-center\" data-align=\"center\">430\u20ac<\/td><\/tr><tr><td class=\"has-text-align-center\" data-align=\"center\">3 cours<\/td><td class=\"has-text-align-center\" data-align=\"center\">Autres villes 20\u20ac<\/td><td class=\"has-text-align-center\" data-align=\"center\">415\u20ac<\/td><td class=\"has-text-align-center\" data-align=\"center\">435\u20ac<\/td><\/tr><\/tbody><\/table><figcaption class=\"wp-element-caption\">Tarifs bien \u00eatre et fitness 2025-2026<\/figcaption><\/figure>\n\n\n<div class=\"wp-block-image\">\n<figure class=\"aligncenter size-large is-resized\"><a href=\"http:\/\/alvh.asso.fr\/wordpress\/wp-content\/uploads\/2025\/10\/photo-1-scaled.jpg\"><img loading=\"lazy\" decoding=\"async\" width=\"768\" height=\"1024\" src=\"http:\/\/alvh.asso.fr\/wordpress\/wp-content\/uploads\/2025\/10\/photo-1-768x1024.jpg\" alt=\"\" class=\"wp-image-4275\" style=\"width:464px;height:auto\" srcset=\"http:\/\/alvh.asso.fr\/wordpress\/wp-content\/uploads\/2025\/10\/photo-1-768x1024.jpg 768w, http:\/\/alvh.asso.fr\/wordpress\/wp-content\/uploads\/2025\/10\/photo-1-225x300.jpg 225w, http:\/\/alvh.asso.fr\/wordpress\/wp-content\/uploads\/2025\/10\/photo-1-1152x1536.jpg 1152w, http:\/\/alvh.asso.fr\/wordpress\/wp-content\/uploads\/2025\/10\/photo-1-1536x2048.jpg 1536w, http:\/\/alvh.asso.fr\/wordpress\/wp-content\/uploads\/2025\/10\/photo-1-113x150.jpg 113w, http:\/\/alvh.asso.fr\/wordpress\/wp-content\/uploads\/2025\/10\/photo-1-scaled.jpg 1920w\" sizes=\"auto, (max-width: 768px) 100vw, 768px\" \/><\/a><figcaption class=\"wp-element-caption\">la position de l&rsquo;enfant pour r\u00e9cup\u00e9rer<\/figcaption><\/figure>\n<\/div>\n\n\n<p class=\"has-text-align-center\">quelques vid\u00e9os pour illustrer le cours de stretching en octobre 2025<\/p>\n\n\n\n<figure class=\"wp-block-video\"><video height=\"1920\" style=\"aspect-ratio: 1080 \/ 1920;\" width=\"1080\" src=\"http:\/\/alvh.asso.fr\/wordpress\/wp-content\/uploads\/2025\/10\/streching-0-compressee-1.mov\"><\/video><\/figure>\n\n\n\n<figure class=\"wp-block-video\"><video height=\"1080\" style=\"aspect-ratio: 1920 \/ 1080;\" width=\"1920\" controls src=\"http:\/\/alvh.asso.fr\/wordpress\/wp-content\/uploads\/2025\/10\/streching-2.mov\"><\/video><\/figure>\n\n\n\n<figure class=\"wp-block-video\"><video height=\"1078\" style=\"aspect-ratio: 1392 \/ 1078;\" width=\"1392\" controls src=\"http:\/\/alvh.asso.fr\/wordpress\/wp-content\/uploads\/2025\/10\/streching-5.mov\"><\/video><\/figure>\n","protected":false},"excerpt":{"rendered":"<p>C&rsquo;est une m\u00e9thode douce, encore peu connue, elle tonifie, \u00e9tire et rel\u00e2che les muscles pour une sensation imm\u00e9diate de bien \u00eatre. Cette discipline est accessible \u00e0 tous et plus particuli\u00e8rement recommand\u00e9e aux personnes qui souffrent du dos. Elle permet d&rsquo;am\u00e9liorer la posture, affine la silhouette, se d\u00e9tendre et ma\u00eetriser sa\u2026<\/p>\n<p class=\"continue-reading-button\"> <a class=\"continue-reading-link\" href=\"http:\/\/alvh.asso.fr\/wordpress\/stretching-postural\/\">Lire l&rsquo;article<i class=\"crycon-right-dir\"><\/i><\/a><\/p>\n","protected":false},"author":5,"featured_media":0,"parent":0,"menu_order":0,"comment_status":"closed","ping_status":"closed","template":"","meta":{"footnotes":""},"class_list":["post-1486","page","type-page","status-publish","hentry"],"_links":{"self":[{"href":"http:\/\/alvh.asso.fr\/wordpress\/wp-json\/wp\/v2\/pages\/1486","targetHints":{"allow":["GET"]}}],"collection":[{"href":"http:\/\/alvh.asso.fr\/wordpress\/wp-json\/wp\/v2\/pages"}],"about":[{"href":"http:\/\/alvh.asso.fr\/wordpress\/wp-json\/wp\/v2\/types\/page"}],"author":[{"embeddable":true,"href":"http:\/\/alvh.asso.fr\/wordpress\/wp-json\/wp\/v2\/users\/5"}],"replies":[{"embeddable":true,"href":"http:\/\/alvh.asso.fr\/wordpress\/wp-json\/wp\/v2\/comments?post=1486"}],"version-history":[{"count":17,"href":"http:\/\/alvh.asso.fr\/wordpress\/wp-json\/wp\/v2\/pages\/1486\/revisions"}],"predecessor-version":[{"id":4289,"href":"http:\/\/alvh.asso.fr\/wordpress\/wp-json\/wp\/v2\/pages\/1486\/revisions\/4289"}],"wp:attachment":[{"href":"http:\/\/alvh.asso.fr\/wordpress\/wp-json\/wp\/v2\/media?parent=1486"}],"curies":[{"name":"wp","href":"https:\/\/api.w.org\/{rel}","templated":true}]}}