{"id":1312,"date":"2022-08-26T18:00:00","date_gmt":"2022-08-26T16:00:00","guid":{"rendered":"http:\/\/localhost\/wordpress\/?page_id=1312"},"modified":"2025-08-18T14:21:59","modified_gmt":"2025-08-18T12:21:59","slug":"arts-martiaux","status":"publish","type":"page","link":"https:\/\/alvh.asso.fr\/wordpress\/arts-martiaux\/","title":{"rendered":"Arts martiaux judo karat\u00e9"},"content":{"rendered":"\n<p>L&rsquo; A.L.V.H vous propose deux arts martiaux qui sont (judo &#8211; karat\u00e9) tous les deux se pratiquent dans l&rsquo;un des plus beaux dojo de Meurthe et Moselle .<\/p>\n\n\n\n<div class=\"wp-block-buttons is-layout-flex wp-block-buttons-is-layout-flex\">\n<div class=\"wp-block-button is-style-outline is-style-outline--1\"><a class=\"wp-block-button__link has-vivid-red-color has-text-color has-link-color has-small-font-size has-custom-font-size wp-element-button\" href=\"http:\/\/alvh.asso.fr\/wordpress\/judo-enfants-et-adolescents\/\">JUDO ENFANTS ET ADOLESCENTS <\/a><\/div>\n<\/div>\n\n\n\n<p class=\"has-vivid-red-color has-text-color\"><\/p>\n\n\n\n<div class=\"wp-block-buttons is-layout-flex wp-block-buttons-is-layout-flex\">\n<div class=\"wp-block-button is-style-outline is-style-outline--2\"><a class=\"wp-block-button__link has-vivid-red-color has-text-color has-link-color has-small-font-size has-custom-font-size wp-element-button\" href=\"http:\/\/alvh.asso.fr\/wordpress\/karate-enfants\/\">KARATE ENFANTS <\/a><\/div>\n<\/div>\n\n\n\n<p class=\"has-vivid-red-color has-text-color\"><\/p>\n\n\n\n<div class=\"wp-block-buttons is-layout-flex wp-block-buttons-is-layout-flex\">\n<div class=\"wp-block-button is-style-outline is-style-outline--3\"><a class=\"wp-block-button__link has-vivid-cyan-blue-color has-text-color has-link-color has-small-font-size has-custom-font-size wp-element-button\" href=\"http:\/\/alvh.asso.fr\/wordpress\/formulaire-dinscription\/\">FORMULAIRE D&rsquo;INSCRIPTION <\/a><\/div>\n<\/div>\n\n\n\n<p class=\"has-vivid-red-color has-text-color\"><\/p>\n\n\n\n<p>Confondre Karat\u00e9 et Judo est tr\u00e8s courant, et c\u2019est bien normal lorsque l&rsquo;on ne connait pas soi-m\u00eame les arts martiaux. Ces deux arts martiaux japonais se sont implant\u00e9s en Europe et en France au cours de la seconde moiti\u00e9 du XXe si\u00e8cle. Le Karat\u00e9 et le Judo partagent une histoire commune, puisque Ma\u00eetre Funakoshi (fondateur du Karat\u00e9 Shotokan) \u00e9tait en lien avec ma\u00eetre Kano (fondateur du Judo) \u00e0 Tokyo dans les ann\u00e9es 1930. En 1922, Jigoro Kano a en effet invit\u00e9 Gichin Funakoshi dans son dojo&nbsp; \u00e0 Tokyo pour une d\u00e9monstration de karat\u00e9.<\/p>\n\n\n\n<p>Pourtant, ces deux arts martiaux sont tr\u00e8s diff\u00e9rents dans la forme, et cela en raison de leur rapport \u00e0 la distance de combat. Le karat\u00e9-do (voie de la main vide) se concentre principalement sur les coups port\u00e9s, poings et pieds, \u00e0 \u00ab\u00a0distance de combat\u00a0\u00bb tandis que le judo (voie de la souplesse) s\u2019int\u00e9resse plut\u00f4t \u00e0 la zone du corps \u00e0 corps avec projection, suivie  d&rsquo;une immobilisation au sol. Le karat\u00e9 n\u2019est pas exempt de balayages, projections, clefs et immobilisations, et le judo n\u2019est pas exempt de katas.<\/p>\n\n\n\n<p><\/p>\n\n\n\n<p><strong>Vous trouverez plus de renseignements dans la menu arts martiaux dans la rubrique judo ou karat\u00e9 selon votre recherche .<\/strong><\/p>\n\n\n\n<p class=\"has-vivid-green-cyan-color has-text-color\"><\/p>\n\n\n<div class=\"wp-block-image\">\n<figure class=\"aligncenter size-large\"><a href=\"http:\/\/alvh.asso.fr\/wordpress\/wp-content\/uploads\/2016\/08\/dojo_1.jpg\"><img loading=\"lazy\" decoding=\"async\" width=\"1024\" height=\"356\" src=\"http:\/\/alvh.asso.fr\/wordpress\/wp-content\/uploads\/2016\/08\/dojo_1-1024x356.jpg\" alt=\"\" class=\"wp-image-251\" srcset=\"https:\/\/alvh.asso.fr\/wordpress\/wp-content\/uploads\/2016\/08\/dojo_1-1024x356.jpg 1024w, https:\/\/alvh.asso.fr\/wordpress\/wp-content\/uploads\/2016\/08\/dojo_1-300x104.jpg 300w, https:\/\/alvh.asso.fr\/wordpress\/wp-content\/uploads\/2016\/08\/dojo_1-768x267.jpg 768w, https:\/\/alvh.asso.fr\/wordpress\/wp-content\/uploads\/2016\/08\/dojo_1-500x174.jpg 500w, https:\/\/alvh.asso.fr\/wordpress\/wp-content\/uploads\/2016\/08\/dojo_1-250x87.jpg 250w, https:\/\/alvh.asso.fr\/wordpress\/wp-content\/uploads\/2016\/08\/dojo_1-150x52.jpg 150w, https:\/\/alvh.asso.fr\/wordpress\/wp-content\/uploads\/2016\/08\/dojo_1.jpg 1150w\" sizes=\"auto, (max-width: 1024px) 100vw, 1024px\" \/><\/a><figcaption class=\"wp-element-caption\">Salle des Arts Martiaux <\/figcaption><\/figure>\n<\/div>","protected":false},"excerpt":{"rendered":"<p>L&rsquo; A.L.V.H vous propose deux arts martiaux qui sont (judo &#8211; karat\u00e9) tous les deux se pratiquent dans l&rsquo;un des plus beaux dojo de Meurthe et Moselle . Confondre Karat\u00e9 et Judo est tr\u00e8s courant, et c\u2019est bien normal lorsque l&rsquo;on ne connait pas soi-m\u00eame les arts martiaux. Ces deux\u2026<\/p>\n<p class=\"continue-reading-button\"> <a class=\"continue-reading-link\" href=\"https:\/\/alvh.asso.fr\/wordpress\/arts-martiaux\/\">Lire l&rsquo;article<i class=\"crycon-right-dir\"><\/i><\/a><\/p>\n","protected":false},"author":5,"featured_media":0,"parent":0,"menu_order":0,"comment_status":"closed","ping_status":"closed","template":"","meta":{"footnotes":""},"class_list":["post-1312","page","type-page","status-publish","hentry"],"_links":{"self":[{"href":"https:\/\/alvh.asso.fr\/wordpress\/wp-json\/wp\/v2\/pages\/1312","targetHints":{"allow":["GET"]}}],"collection":[{"href":"https:\/\/alvh.asso.fr\/wordpress\/wp-json\/wp\/v2\/pages"}],"about":[{"href":"https:\/\/alvh.asso.fr\/wordpress\/wp-json\/wp\/v2\/types\/page"}],"author":[{"embeddable":true,"href":"https:\/\/alvh.asso.fr\/wordpress\/wp-json\/wp\/v2\/users\/5"}],"replies":[{"embeddable":true,"href":"https:\/\/alvh.asso.fr\/wordpress\/wp-json\/wp\/v2\/comments?post=1312"}],"version-history":[{"count":9,"href":"https:\/\/alvh.asso.fr\/wordpress\/wp-json\/wp\/v2\/pages\/1312\/revisions"}],"predecessor-version":[{"id":4157,"href":"https:\/\/alvh.asso.fr\/wordpress\/wp-json\/wp\/v2\/pages\/1312\/revisions\/4157"}],"wp:attachment":[{"href":"https:\/\/alvh.asso.fr\/wordpress\/wp-json\/wp\/v2\/media?parent=1312"}],"curies":[{"name":"wp","href":"https:\/\/api.w.org\/{rel}","templated":true}]}}

Arts martiaux judo karaté

<p>L&rsquo; A.L.V.H vous propose deux arts martiaux qui sont (judo &#8211; karaté) tous les deux se pratiquent dans l&rsquo;un des plus beaux dojo de Meurthe et Moselle .</p>



<div class="wp-block-buttons is-layout-flex wp-block-buttons-is-layout-flex">
<div class="wp-block-button is-style-outline is-style-outline--1"><a class="wp-block-button__link has-vivid-red-color has-text-color has-link-color has-small-font-size has-custom-font-size wp-element-button" href="http://alvh.asso.fr/wordpress/judo-enfants-et-adolescents/">JUDO ENFANTS ET ADOLESCENTS </a></div>
</div>



<p class="has-vivid-red-color has-text-color"></p>



<div class="wp-block-buttons is-layout-flex wp-block-buttons-is-layout-flex">
<div class="wp-block-button is-style-outline is-style-outline--2"><a class="wp-block-button__link has-vivid-red-color has-text-color has-link-color has-small-font-size has-custom-font-size wp-element-button" href="http://alvh.asso.fr/wordpress/karate-enfants/">KARATE ENFANTS </a></div>
</div>



<p class="has-vivid-red-color has-text-color"></p>



<div class="wp-block-buttons is-layout-flex wp-block-buttons-is-layout-flex">
<div class="wp-block-button is-style-outline is-style-outline--3"><a class="wp-block-button__link has-vivid-cyan-blue-color has-text-color has-link-color has-small-font-size has-custom-font-size wp-element-button" href="http://alvh.asso.fr/wordpress/formulaire-dinscription/">FORMULAIRE D&rsquo;INSCRIPTION </a></div>
</div>



<p class="has-vivid-red-color has-text-color"></p>



<p>Confondre Karaté et Judo est très courant, et c’est bien normal lorsque l&rsquo;on ne connait pas soi-même les arts martiaux. Ces deux arts martiaux japonais se sont implantés en Europe et en France au cours de la seconde moitié du XXe siècle. Le Karaté et le Judo partagent une histoire commune, puisque Maître Funakoshi (fondateur du Karaté Shotokan) était en lien avec maître Kano (fondateur du Judo) à Tokyo dans les années 1930. En 1922, Jigoro Kano a en effet invité Gichin Funakoshi dans son dojo&nbsp; à Tokyo pour une démonstration de karaté.</p>



<p>Pourtant, ces deux arts martiaux sont très différents dans la forme, et cela en raison de leur rapport à la distance de combat. Le karaté-do (voie de la main vide) se concentre principalement sur les coups portés, poings et pieds, à « distance de combat » tandis que le judo (voie de la souplesse) s’intéresse plutôt à la zone du corps à corps avec projection, suivie  d&rsquo;une immobilisation au sol. Le karaté n’est pas exempt de balayages, projections, clefs et immobilisations, et le judo n’est pas exempt de katas.</p>



<p></p>



<p><strong>Vous trouverez plus de renseignements dans la menu arts martiaux dans la rubrique judo ou karaté selon votre recherche .</strong></p>



<p class="has-vivid-green-cyan-color has-text-color"></p>


<div class="wp-block-image">
<figure class="aligncenter size-large"><a href="http://alvh.asso.fr/wordpress/wp-content/uploads/2016/08/dojo_1.jpg"><img loading="lazy" decoding="async" width="1024" height="356" src="http://alvh.asso.fr/wordpress/wp-content/uploads/2016/08/dojo_1-1024x356.jpg" alt="" class="wp-image-251" srcset="https://alvh.asso.fr/wordpress/wp-content/uploads/2016/08/dojo_1-1024x356.jpg 1024w, https://alvh.asso.fr/wordpress/wp-content/uploads/2016/08/dojo_1-300x104.jpg 300w, https://alvh.asso.fr/wordpress/wp-content/uploads/2016/08/dojo_1-768x267.jpg 768w, https://alvh.asso.fr/wordpress/wp-content/uploads/2016/08/dojo_1-500x174.jpg 500w, https://alvh.asso.fr/wordpress/wp-content/uploads/2016/08/dojo_1-250x87.jpg 250w, https://alvh.asso.fr/wordpress/wp-content/uploads/2016/08/dojo_1-150x52.jpg 150w, https://alvh.asso.fr/wordpress/wp-content/uploads/2016/08/dojo_1.jpg 1150w" sizes="auto, (max-width: 1024px) 100vw, 1024px" /></a><figcaption class="wp-element-caption">Salle des Arts Martiaux </figcaption></figure>
</div>

<p>L&rsquo; A.L.V.H vous propose deux arts martiaux qui sont (judo &#8211; karaté) tous les deux se pratiquent dans l&rsquo;un des plus beaux dojo de Meurthe et Moselle . Confondre Karaté et Judo est très courant, et c’est bien normal lorsque l&rsquo;on ne connait pas soi-même les arts martiaux. Ces deux…</p>
<p class="continue-reading-button"> <a class="continue-reading-link" href="https://alvh.asso.fr/wordpress/arts-martiaux/">Lire l&rsquo;article<i class="crycon-right-dir"></i></a></p>
